(base 9) in base 8?
3
c (base 16) to base 4
30
Convert 63 (base 10) to base 4.
333
-235 (base 8) to base 14
-b3
Convert 14 (base 8) to base 13.
c
12 (base 13) to base 3
120
What is 201 (base 3) in base 8?
23
What is -2 (base 14) in base 2?
-10
-5d (base 16) to base 8
-135
Convert 222 (base 5) to base 16.
3e
Convert 11 (base 9) to base 14.
a
7 (base 10) to base 16
7
17 (base 9) to base 7
22
What is -130 (base 6) in base 11?
-4a
Convert -6 (base 16) to base 3.
-20
Convert 24 (base 9) to base 8.
26
Convert 1112 (base 4) to base 8.
126
Convert 2 (base 9) to base 16.
2
What is -2 (base 11) in base 7?
-2
-7 (base 16) to base 6
-11
What is -77 (base 10) in base 3?
-2212
63 (base 10) to base 6
143
-1 (base 4) to base 7
-1
5 (base 7) to base 3
12
415 (base 6) to base 12
10b
-233 (base 4) to base 5
-142
54 (base 7) to base 16
27
2 (base 6) to base 12
2
4 (base 16) to base 15
4
Convert 90 (base 11) to base 6.
243
-312 (base 5) to base 8
-122
What is -53 (base 7) in base 16?
-26
Convert 100111 (base 2) to base 10.
39
What is 105 (base 6) in base 15?
2b
Convert -57 (base 8) to base 3.
-1202
What is -140 (base 8) in base 15?
-66
Convert -1 (base 3) to base 5.
-1
Convert -4 (base 7) to base 10.
-4
3 (base 5) to base 4
3
Convert -38 (base 9) to base 16.
-23
Convert 16 (base 8) to base 4.
32
Convert -14 (base 9) to base 2.
-1101
Convert 9 (base 15) to base 8.
11
Convert 1 (base 5) to base 2.
1
Convert -102 (base 13) to base 16.
-ab
Convert -130 (base 5) to base 9.
-44
-82 (base 15) to base 11
-101
What is -85 (base 12) in base 14?
-73
What is 65 (base 11) in base 3?
2122
-145 (base 6) to base 12
-55
39 (base 16) to base 3
2010
What is -1 (base 13) in base 16?
-1
-11 (base 16) to base 9
-18
What is 4 (base 15) in base 12?
4
What is 11110 (base 2) in base 5?
110
What is 21 (base 9) in base 5?
34
Convert 128 (base 9) to base 15.
72
What is -4 (base 6) in base 13?
-4
What is -5 (base 9) in base 3?
-12
What is 43 (base 5) in base 2?
10111
Convert -210 (base 3) to base 11.
-1a
Convert -1 (base 14) to base 8.
-1
What is 10001110 (base 2) in base 9?
167
-40 (base 5) to base 2
-10100
What is 84 (base 10) in base 13?
66
Convert 0 (base 11) to base 16.
0
What is 46 (base 7) in base 12?
2a
Convert -11 (base 2) to base 9.
-3
What is b7 (base 15) in base 5?
1142
1211 (base 4) to base 6
245
0 (base 15) to base 16
0
What is -10010 (base 2) in base 12?
-16
-11 (base 4) to base 13
-5
100000 (base 2) to base 16
20
What is 242 (base 7) in base 8?
200
Convert -1111 (base 3) to base 5.
-130
What is 32 (base 7) in base 8?
27
What is 24 (base 11) in base 12?
22
Convert -220 (base 3) to base 11.
-22
What is 23 (base 15) in base 13?
27
What is -155 (base 8) in base 11?
-9a
Convert 2100 (base 3) to base 5.
223
Convert 8 (base 13) to base 16.
8
What is -3 (base 9) in base 5?
-3
Convert -5 (base 7) to base 15.
-5
-10121 (base 3) to base 2
-1100001
1 (base 6) to base 8
1
Convert -4 (base 8) to base 15.
-4
Convert -1000111 (base 2) to base 12.
-5b
Convert -20 (base 3) to base 4.
-12
-3 (base 10) to base 15
-3
What is a (base 11) in base 8?
12
What is 10 (base 4) in base 11?
4
Convert -8a (base 16) to base 13.
-a8
Convert 6 (base 11) to base 16.
6
-2 (base 13) to base 4
-2
1 (base 16) to base 15
1
-11100010 (base 2) to base 4
-3202
What is -1 (base 7) in base 3?
-1
What is 33 (base 8) in base 2?
11011
What is -142 (base 7) in base 16?
-4f
Convert -7a (base 11) to base 16.
-57
Convert 3 (base 4) to base 6.
3
What is -2 (base 14) in base 5?
-2
-1 (base 14) to base 13
-1
What is -3 (base 16) in base 10?
-3
Convert 0 (base 14) to base 6.
0
What is 17 (base 14) in base 12?
19
Convert 33 (base 7) to base 14.
1a
Convert 122 (base 3) to base 13.
14
Convert 8 (base 12) to base 15.
8
Convert -16 (base 14) to base 4.
-110
What is 0 (base 3) in base 9?
0
220 (base 5) to base 11
55
-220 (base 6) to base 13
-66
0 (base 15) to base 12
0
What is 3 (base 16) in base 7?
3
Convert -1 (base 6) to base 9.
-1
Convert 8 (base 14) to base 3.
22
Convert 107 (base 13) to base 14.
c8
What is -10011 (base 2) in base 8?
-23
What is -30 (base 15) in base 8?
-55
1 (base 2) to base 5
1
-11 (base 12) to base 3
-111
Convert -1 (base 16) to base 10.
-1
-3 (base 7) to base 13
-3
26 (base 7) to base 6
32
Convert 1010001 (base 2) to base 14.
5b
-20 (base 15) to base 9
-33
What is -105 (base 8) in base 9?
-76
Convert 47 (base 10) to base 16.
2f
What is -5 (base 8) in base 11?
-5
What is 11 (base 2) in base 3?
10
-10 (base 14) to base 15
-e
Convert -30 (base 13) to base 8.
-47
What is -1 (base 5) in base 16?
-1
221 (base 5) to base 9
67
-11 (base 15) to base 6
-24
20 (base 4) to base 16
8
121 (base 5) to base 11
33
What is 3 (base 16) in base 10?
3
2122 (base 3) to base 16
47
What is 59 (base 16) in base 15?
5e
Convert -100010 (base 2) to base 16.
-22
-1220 (base 3) to base 9
-56
50 (base 6) to base 5
110
Convert 20 (base 3) to base 16.
6
240 (base 9) to base 13
123
What is 131 (base 11) in base 7?
311
19 (base 11) to base 14
16
What is -1 (base 11) in base 15?
-1
8 (base 10) to base 7
11
What is 252 (base 8) in base 2?
10101010
2 (base 4) to base 7
2
-2 (base 7) to base 15
-2
What is -c (base 15) in base 16?
-c
Convert 1d (base 16) to base 10.
29
33 (base 5) to base 2
10010
-28 (base 13) to base 6
-54
Convert 19 (base 16) to base 8.
31
What is -e (base 15) in base 5?
-24
3 (base 12) to base 8
3
What is -87 (base 11) in base 12?
-7b
What is -1 (base 12) in base 5?
-1
What is 45 (base 9) in base 15?
2b
Convert 11 (base 9) to base 6.
14
Convert 0 (base 15) to base 9.
0
What is -2 (base 7) in base 8?
-2
Convert -e (base 15) to base 12.
-12
Convert -29 (base 14) to base 8.
-45
Convert -7 (base 16) to base 4.
-13
Convert 14 (base 8) to base 15.
c
Convert -83 (base 9) to base 15.
-50
Convert 3 (base 13) to base 4.
3
-1011110 (base 2) to base 3
-10111
50 (base 12) to base 7
114
What is 1ae (base 15) in base 5?
3024
-5 (base 13) to base 6
-5
What is -1 (base 12) in base 4?
-1
What is -3 (base 16) in base 13?
-3
Convert 4 (base 10) to base 9.
4
-2 (base 11) to base 15
-2
What is -37 (base 9) in base 11?
-31
Convert -11 (base 2) to base 15.
-3
What is -100001 (base 2) in base 7?
-45
d3 (base 14) to base 9
225
What is -1 (base 11) in base 6?
-1
Convert 6 (base 13) to base 3.
20
-25 (base 12) to base 10
-29
Convert 535 (base 8) to base 10.
349
31 (base 15) to base 7
64
What is -21210 (base 3) in base 4?
-3102
Convert a (base 16) to base 13.
a
What is -23 (base 12) in base 13?
-21
Convert -57 (base 8) to base 9.
-52
What is -11 (base 2) in base 14?
-3
What is -2 (base 11) in base 8?
-2
What is -5 (base 14) in base 12?
-5
10 (base 9) to base 6
13
What is 2 (base 3) in base 8?
2
What is 10 (base 3) in base 10?
3
What is -5 (base 13) in base 10?
-5
What is 1002 (base 5) in base 8?
177
4 (base 15) to base 8
4
Convert 1010 (base 3) to base 6.
50
What is 6 (base 12) in base 14?
6
22 (base 3) to base 12
8
-102 (base 8) to base 12
-56
What is 11 (base 8) in base 13?
9
Convert 0 (base 9) to base 10.
0
-2 (base 7) to base 12
-2
What is -2 (base 14) in base 4?
-2
What is -3 (base 4) in base 2?
-11
-17 (base 13) to base 10
-20
-9 (base 16) to base 6
-13
Convert -12 (base 8) to base 12.
-a
Convert 2 (base 15) to base 6.
2
Convert -2 (base 4) to base 10.
-2
1 (base 12) to base 16
1
-6 (base 16) to base 9
-6
b (base 13) to base 11
10
What is 170 (base 10) in base 11?
145
What is -1 (base 7) in base 9?
-1
What is -7 (base 9) in base 2?
-111
Convert -5 (base 13) to base 16.
-5
Convert 33 (base 8) to base 13.
21
1011 (base 2) to base 12
b
What is 1 (base 15) in base 6?
1
What is 3 (base 7) in base 10?
3
7 (base 8) to base 2
111
Convert aa (base 13) to base 5.
1030
-10100111 (base 2) to base 10
-167
What is -240 (base 7) in base 6?
-330
Convert -b9 (base 12) to base 8.
-215
What is -2 (base 14) in base 12?
-2
Convert -1 (base 16) to base 13.
-1
Convert 12 (base 6) to base 5.
13
-8 (base 14) to base 7
-11
Convert -b (base 14) to base 10.
-11
Convert -1 (base 4) to base 14.
-1
-2021 (base 3) to base 13
-49
Convert 30 (base 5) to base 7.
21
What is 27 (base 9) in base 3?
221
What is 74 (base 10) in base 2?
1001010
22 (base 9) to base 14
16
-10102 (base 3) to base 6
-232
What is 33 (base 5) in base 4?
102
2 (base 16) to base 14
2
What is -75 (base 8) in base 11